 11*c**2 + 2 + 7*c**3 - c**3 - 5*c**3. Let o(k) = -k**2 - 2*k - 10. Let m be o(0). What is the remainder when q(m) is divided by 23?
21
Suppose 73*p = 118*p - 16110. Calculate the remainder when p is divided by 45.
43
Suppose 4*g - 72 - 131 = -3*j, -2*j + 2*g = -112. What is the remainder when 282/(-2256) - (1 + (-10179)/24) is divided by j?
57
Let p = 2 - -80. Calculate the remainder when p is divided by 5955/(-8337) + (-103)/(-7).
12
Let k = 4715 + -4701. What is the remainder when 445 is divided by k?
11
Suppose -40*z + 470 = -38*z - 3*y, -y - 235 = -z. Calculate the remainder when z is divided by 106.
23
Let h(z) = -z**2 - 35*z - 192. Suppose -4*s + 4*c = -3*s - 63, -2*c - 224 = -4*s. Calculate the remainder when h(-15) is divided by s.
53
Let y = -5 - -19. Suppose 0 = y*k - 13*k - 40. Suppose v - 5*v = -k. What is the remainder when v is divided by 7?
3
Let k = -38 - -52. Suppose 5*y + 1017 = k*y. Suppose -2*l + 100 = 3*r, -61 = -5*r + 4*l + y. What is the remainder when r is divided by 5?
4
Suppose 18*l - 19*l = u - 92, 3*l = -5*u + 270. What is the remainder when 296 is divided by l?
11
Let h be 34/(-12) - (50/12 - 4). Let n be 9 + -9 + (1 - h). What is the remainder when 13 is divided by 4*((3 - 21/4) + n)?
6
Suppose 0 = -5*f + 15, z - f + 42 = 128. What is the remainder when 173 is divided by z?
84
Let i be (-24)/48*(-2 - (2 - -20)). Suppose i = -0*h + 3*h, u + 4*h = 22. What is the remainder when 125 is divided by u?
5
Suppose 6*h - 126 + 144 = 0. Calculate the remainder when 60 is divided by h*5/((-15)/16).
12
Let f(c) = 10*c + 293. Let i be 3/(-2) + 33/22. Calculate the remainder when f(i) is divided by 7.
6
Suppose -3 = -2*a - b, 0*b - 2 = 2*b. Suppose -2*r - 4*t = a*r + 320, -2*r = 3*t + 162. What is the remainder when 31 is divided by r/(-24) + ((-27)/(-12))/3?
3
Suppose -r = -12*o + 7*o - 1121, -4*r + 4358 = o. Calculate the remainder when r is divided by 270.
11
Let u = -19937 - -20963. Calculate the remainder when u is divided by 504.
18
Let a = 76 - 52. Let z = 120 - 115. What is the remainder when 581/z - -3*13/(-195) is divided by a?
20
Let d = 1925 - 1349. Suppose 245*y + d = 253*y. What is the remainder when y is divided by 20?
12
Let z(g) = 2*g**3 + 9*g**2 + 2*g - 6. Let v be z(-4). Suppose -v*q - 5 - 4 = -d, 3*d + 3*q = 0. What is the remainder when 75 is divided by 1/d - (-1071)/27?
35
Let o = 630 - 359. Suppose -12*n + o = -221. What is the remainder when n is divided by 15?
11
Suppose -16*h = h + 170. What is the remainder when 205 is divided by h/4*(104/(-5) + 0)?
49
Let j = 1 - -27. Let x(w) = -3*w + 24. Let u be x(7). Suppose u*b - 3*d - 26 + 8 = 0, 3*b - 42 = -3*d. Calculate the remainder when j is divided by b.
8
Let m = -1307 + 1330. Suppose 0 = y + 2*a + 174, 137 = -y - 3*a - 40. Let j = y - -236. Calculate the remainder when j is divided by m.
22
Let a = 332 + -6. Suppose -14*n = -206 - a. What is the remainder when n is divided by 4?
2
Suppose 4*j - 12 = -0*j. Suppose 0 = -j*z + 5*z - 40. Suppose 0 = -15*t + 38*t - 1357. Calculate the remainder when t is divided by z.
19
Let u(n) = -n**2 - 47*n - 337. Calculate the remainder when 737 is divided by u(-9).
2
Suppose 88 = 12*j - 176. What is the remainder when 196 is divided by j?
20
Let w = -79 + 224. Calculate the remainder when w is divided by 8778/285 + (-4)/5.
25
Let g = 227 - -339. Suppose -77 = -4*p - 77. Suppose p = -9*n + g + 613. What is the remainder when n is divided by 44?
43
Suppose -121*b + 123*b = 5*v + 659, -4*b = 2*v - 1282. Calculate the remainder when b is divided by 30.
22
Suppose 1 = 2*y - 3*y, -4*c = -5*y - 29. Let n = c - 16. Calculate the remainder when 35 is divided by (7/35)/((-4)/n)*26.
9
Suppose -3*h = 4*y - 21, 0*y - y - 5*h = -18. Suppose o - 8 = y. What is the remainder when o is divided by 5?
1
Let d(f) = -7*f**3 - f**2 + f + 3. Let y = -45 + 44. Let w be d(y). Let j = 35 - w. Calculate the remainder when 132 is divided by j.
24
Suppose 33 = -2*z + 43. Suppose 1936 = 21*c - z*c. Calculate the remainder when c is divided by 25.
21
Let k = 10 - 8. Suppose -2*o = k*o + 4. What is the remainder when 28 is divided by o - (4 + -1) - -19?
13
Let b be (0 - -3)/((-14)/(-42)). Suppose -4*l - 5*l = b. Calculate the remainder when (((-3)/(-3))/l)/(3/(-111)) is divided by 19.
18
Suppose x - w + 65 = 0, 13*w + 130 = -2*x + 17*w. Let k = -22 - x. What is the remainder when 81 is divided by k?
38
Suppose 5*b + 35496 = 35*b + 42*b. Calculate the remainder when b is divided by 52.
25
Let n(w) = -w**2 - 11*w - 20. Let y be n(-8). Suppose -q = 4*q - y*a - 72, 30 = 3*q + 2*a. Calculate the remainder when (-16)/q*((-90)/4 + -3) is divided by 12.
10
Suppose -58*l + 70*l = 132. Let g = -1 - 3. Let w(d) = 2*d**2 + 3*d. Calculate the remainder when w(g) is divided by l.
9
Suppose -4*u + 3*k = 2*k - 76, -5*u - k = -104. Suppose 55*n = 53*n + u. Calculate the remainder when n is divided by 7.
3
Let r = 11007 + -10940. What is the remainder when 4351 is divided by r?
63
Let i(r) = 3*r**2 + 2*r - 12. Let x be i(6). Suppose 0 = 153*j - 162*j + x. What is the remainder when j is divided by 8?
4
Let c be 10 - 5/(5/(-3)). Suppose -d + 6*a + c = 7*a, 2*a + 13 = d. Suppose 14*p - 8 = d*p. Calculate the remainder when 46 is divided by p.
6
Suppose -35*q + 1380 = -15*q. Calculate the remainder when -1 + (276 - 4) + 3 is divided by q.
67
Suppose x + 2*k = 319, 4*k + 546 + 706 = 4*x. What is the remainder when x is divided by 63?
0
What is the remainder when -18 + (-17918)/(-17) - 2 is divided by 61?
58
Let o be (1 - (-3)/2)/(11/22). Suppose o*u - 22 + 102 = 0. Let b = u - -32. Calculate the remainder when 30 is divided by b.
14
Suppose 0 = -34*c - 20*c + 1117 + 503. Calculate the remainder when 534 is divided by c.
24
Let f be ((-228)/10)/((-5)/(2 + 23)). Let u = 163 - f. Let v = 351 + -324. Calculate the remainder when u is divided by v.
22
Let l be 1/((-6)/1318)*(-23 + 20). Suppose -16*m + 77 = -l. Calculate the remainder when 87 is divided by m.
41
Let q(p) = -5*p + 25. Calculate the remainder when q(-15) is divided by 33 - -4*(-7)/56*-2.
32
Suppose 3*m + 159 = -5*u, -5*u + 2*u = -4*m + 78. Let i(z) = z + 68. What is the remainder when 376 is divided by i(u)?
34
Calculate the remainder when 59 is divided by 53 + 10*12/(-10).
18
Suppose -20*i = -0 - 440. Suppose 4*o - 2*l + 0*l = 414, o - 100 = -3*l. Calculate the remainder when o is divided by i.
15
Suppose -3*g + 3*s = 0, 5*g - 2*s - 5 = -11. What is the remainder when 129 is divided by 14*(11/g + 1 + 5)?
3
Suppose -2*x + 5*g + 110 = 0, -2*x - 3*g + 165 = x. Let z be (32/(-5))/((-11)/x). What is the remainder when z/240 - (-1423)/15 is divided by 24?
23
Suppose 5 = -g + 24. Let a = -3142 - -3234. Calculate the remainder when a is divided by g.
16
Let z = -306380 - -306453. Suppose o - 1 + 53 = 5*u, -3*u - o = -28. What is the remainder when z is divided by u?
3
Suppose 17 - 5 = 2*b. Suppose -5*n = 6*i - 143, 0*n - 120 = -5*i - 4*n. Calculate the remainder when i is divided by b.
4
Suppose 5 - 93 = -4*l. Let q = 25 - l. Let g = -8 - -14. What is the remainder when g is divided by q?
0
Let q(x) = 7*x**2 + 15*x + 63. Suppose 68 = 3*l - 7. Suppose l + 35 = 5*t. What is the remainder when q(-3) is divided by t?
9
Suppose -56*p - 4554 = -45*p. What is the remainder when 75 is divided by p/189*-3 - (-8)/(-14)?
3
Let u = 2626 - 2601. Calculate the remainder when -36*4*(-5)/6 is divided by u.
20
Suppose -145 = -b - v + 45, -5*v - 787 = -4*b. Suppose 63 = -2*d + b. Suppose -2298 - 6062 = -44*c. Calculate the remainder when c is divided by d.
60
Suppose -3*n - g + 15222 = 0, -33*g - 25369 = -5*n - 35*g. Calculate the remainder when n is divided by 27.
26
Let t = 84 - 56. Let d be (-152)/(-56) - 6/(-21). Suppose o - 6 = -2*p, 0*o + p + 53 = d*o. Calculate the remainder when t is divided by o.
12
Let r(d) = -4*d**3 + 2*d - 1. Let w(x) = x - 7. Let h be w(5). What is the remainder when (-14 + 11 + (-1)/(-1))/((-4)/212) is divided by r(h)?
25
Suppose 10*x = 13*x - 9. Let k(f) = -19*f - 26*f + f**x + 40*f + 5 + 4*f**2. Calculate the remainder when 28 is divided by k(-5).
3
Let g = -11 - -13. Suppose -15*z + g = -14*z. Suppose -3*c - z*w + 60 = -w, 3*c - 63 = -2*w. What is the remainder when 36 is divided by c?
17
Calculate